18 = 0. What is the greatest common factor of b and a?
1
Let t(k) = k**2 - k. Let q be t(2). Suppose 0 = -5*i + 2*z + 90, q*i = i + 2*z + 10. What is the highest common factor of 10 and i?
10
Let f be (0 - -2*1) + 0. Suppose 2 - 4 = -f*h. Let s be -3*(105/(-9) + h). What is the greatest common divisor of 8 and s?
8
Suppose 24 = 17*b - 13*b. What is the highest common factor of 12 and b?
6
Suppose y = -2*u + 6*u + 120, 0 = -5*u - 10. Calculate the greatest common divisor of y and 16.
16
Let h(v) = v - 1. Let p be h(10). Let g be p/6*-2 + 10. Calculate the greatest common divisor of 21 and g.
7
Suppose a - 2*f = 1 - 4, -2*f = a - 5. Let n = 48 + -46. What is the highest common factor of a and n?
1
Let w be (-6)/(-2) - (-6 - 87). Calculate the greatest common factor of w and 24.
24
Let y be (-1)/(-3) - (-310)/15. Let u be 1/(((-3)/(-441))/1). What is the greatest common divisor of y and u?
21
Let c(l) = 12*l - 1. Let p be c(1). Calculate the highest common divisor of p and 77.
11
Let a(v) = -v - 1. Let r(m) = 24*m. Let u(z) = -3*a(z) - r(z). Let k be u(4). Let i be -1 - (-5)/((-15)/k). Calculate the highest common divisor of 65 and i.
13
Suppose -6*w + 990 = -66. What is the greatest common factor of w and 11?
11
Let y(t) = 2*t**2 - t + 1. Let j be y(3). Calculate the greatest common divisor of 176 and j.
16
Suppose -4*k = k + 2*g - 35, k + 4*g - 25 = 0. Suppose 26 + 34 = p - k*w, -198 = -3*p - 3*w. What is the highest common divisor of p and 26?
13
Suppose -2*h = -3*f + 141, 7*f - 2*f = h + 228. Calculate the greatest common factor of 18 and f.
9
Let g = 8 + -7. Let p be (45/27)/(g/3). Calculate the greatest common factor of 1 and p.
1
Suppose -2*u = h - 89, 7*u - 3*u = -5*h + 169. Calculate the highest common divisor of 69 and u.
23
Suppose -2*f - 8 = -4*f. Suppose f*y = -2*t + 12, -4*t = 2*y - 4 - 2. Let l be t/(1 - 2) + 6. What is the greatest common divisor of 6 and l?
6
Let x = 3 + 0. Let f(z) = -z**2 + 7*z + 17. Let k be f(8). Calculate the greatest common divisor of x and k.
3
Let h = 85 + -15. Calculate the highest common factor of 14 and h.
14
Let x be (4 - -3) + 1/(-1). Let g be 0 + 33/x*10. Let o = g - 36. Calculate the greatest common divisor of o and 190.
19
Suppose 2*o = -0*o + 4. Let l = 5 + -2. Calculate the greatest common factor of l and o.
1
Let p be (-28)/6 + 6/9. Let k be (4 + 140)*p/(-6). Calculate the highest common divisor of k and 12.
12
Suppose 2*a = 5*a - 3*c - 3, 0 = -5*a + c + 9. Suppose -a*d - d + 39 = 0. Calculate the highest common factor of d and 13.
13
Let t(n) = -n**2 + 9*n - 10. Let l be t(7). Let s be 102/l - 2/(-4). Suppose 0 = p - 4*p + 2*g + 73, -p + g = -s. What is the highest common divisor of p and 7?
7
Let a(g) = 38*g**2 - 2*g - 2. Let c be a(-2). Calculate the greatest common factor of 22 and c.
22
Suppose u = -4*o + 52, 2*u + 52 = -0*o + 4*o. What is the greatest common divisor of o and 91?
13
Suppose -4*q + 5*q = 8. What is the highest common factor of 12 and q?
4
Let z = -62 - -116. Suppose -z = -3*k + 3*t, -3*k + 32 = -2*t - 24. Calculate the greatest common divisor of 120 and k.
20
Suppose -3*n + 27 = -2*n. What is the highest common divisor of 3 and n?
3
Let i = 79 + -31. Let h = -124 + 156. Calculate the greatest common divisor of i and h.
16
Suppose 0 = -3*r + 2*u - 4*u + 440, 284 = 2*r - u. Calculate the highest common factor of 12 and r.
12
Let b be 8/(-12)*45/(-2). Calculate the greatest common divisor of b and 5.
5
Let r(y) = 2*y**2 - y - 44. Let p be r(7). What is the highest common factor of p and 470?
47
Let u be (-102)/(44/(-16) + 2). Calculate the greatest common factor of 34 and u.
34
Let x be -1*(-3)/((-6)/(-4)). Suppose -6*k - 3 = -5*k. Let y be k - ((-56)/x)/2. Calculate the highest common factor of y and 33.
11
Let f = -4 - -19. Suppose -c + 120 = c. What is the highest common divisor of c and f?
15
Let h be (-3)/(-12) + (-795)/(-4). Let j = h - 91. Suppose -5*a + 41 = -19. Calculate the greatest common factor of a and j.
12
Let j = -27 + 41. Suppose -16 = -2*s + 2*p, 3*s + 4*p - 17 = -0*p. Calculate the highest common divisor of j and s.
7
Suppose -3*v + 610 = -206. Calculate the highest common factor of v and 17.
17
Suppose 9 = 3*x - 0*x. Suppose q = x*q - 48. What is the highest common divisor of 16 and q?
8
Suppose 9*z - 6*z = -33. Let n be (-295)/z - 38/(-209). Let d(v) = -163*v - 1. Let c be d(-1). What is the highest common divisor of c and n?
27
Let n be 4/24 - 2/12. Suppose g + g - 12 = n. Calculate the greatest common factor of g and 54.
6
Suppose 0 = 2*u + 6 - 0. Let l(m) = m**2 + 3*m - 2. Let c be l(u). Let n = c - -8. What is the greatest common divisor of n and 6?
6
Let f be 147 - (-2)/2 - 2. Suppose 506 - f = 5*p. Let s = 64 - 46. Calculate the greatest common divisor of s and p.
18
Let r = 46 - 2. Suppose -4*p - w = -9, -p + 15 = p - 3*w. Suppose -2*l - p*o + 23 = 0, -3*l + 5*o - 1 = 12. What is the highest common factor of l and r?
4
Suppose 4*k = -8 - 0. Let y be k - (2 - (137 + -1)). Let d = -26 - -38. Calculate the greatest common divisor of y and d.
12
Let d be 1*(-4)/(-3)*21. Let r be (3/2)/(9/6). Let v be (r + -9)/((-2)/1). What is the greatest common factor of v and d?
4
Let s = 61 - -15. Calculate the greatest common divisor of 19 and s.
19
Let c(i) = -6*i - 4. Let v be c(-3). Let x(f) = 2*f**2 + 17*f + 9. Let t be x(-13). Calculate the greatest common divisor of t and v.
14
Let c(f) = f - 1. Let x be c(4). Calculate the greatest common factor of 51 and x.
3
Let h(t) = -t**2 + t + 3. Let f be h(-3). Let x be 40/6 + f/(-27). Calculate the highest common divisor of 77 and x.
7
Let s(r) = 5*r - 2. Let n be s(1). Suppose n*j - 445 - 80 = 0. What is the highest common divisor of 35 and j?
35
Suppose -4*v = -0*x + 4*x - 132, -4*x + 2*v + 108 = 0. Calculate the greatest common factor of x and 116.
29
Let u be 0 + 8/(4 + -2). What is the greatest common divisor of u and 56?
4
Let t be (64/(-12))/(4/(-6)). Calculate the highest common factor of t and 32.
8
Suppose -c + 2*j = -51, -j = -5*c - 0*j + 246. What is the greatest common divisor of 7 and c?
7
Let v be 11 - (3/3 + -1). Let w = -6 + v. Suppose 215 = 5*b - 3*o, w*o - 13 = -2*b + 42. Calculate the highest common divisor of 8 and b.
8
Let o = 0 - -1. Let l(c) = c + 1. Let i be l(o). Suppose -6*q = -q + 5*f - 230, 4*f = -i*q + 84. What is the greatest common divisor of 20 and q?
10
Let p(u) = 2*u + 5. Let y be ((-12)/(-15))/((-2)/(-10)). Let r be p(y). Let g = -111 + 176. Calculate the greatest common divisor of r and g.
13
Let i = -2 + 8. Calculate the highest common divisor of 6 and i.
6
Let o = -16 - -34. Let w = 27 + o. Let j be (2 + (-11)/3)*-3. Calculate the highest common factor of j and w.
5
Let f = 3 + 9. Calculate the highest common divisor of f and 96.
12
Let x = 377 - 188. What is the greatest common factor of 21 and x?
21
Suppose m = -2*g + 4*g + 8, 5*m - 2*g - 56 = 0. What is the greatest common divisor of m and 84?
12
Let k be 5 + 2 + -1 + 0. Suppose -3*g + k = -9. Calculate the highest common divisor of 5 and g.
5
Let b be (-351)/(-65)*(-10)/(-3). Let v be ((-54)/(-4))/((-3)/(-44)). What is the highest common factor of v and b?
18
Suppose 0 = -2*b - 10 + 22. Let s(g) = g**3 - 7*g**2 + 18*g - 70. Let o be s(6). Calculate the highest common divisor of b and o.
2
Let x(u) be the third derivative of u**4/12 + 2*u**3/3 + u**2. Let m be x(6). What is the highest common divisor of m and 40?
8
Let u be 152/10 - (-3)/(-15). Let t = u - 11. Suppose 3*l = t*l - 8. What is the highest common factor of l and 8?
8
Let u be -2 + (21 - 1) + 2. Let b = u + -5. Suppose -3*h = -83 - 232. Calculate the highest common divisor of b and h.
15
Suppose -22*z + 21*z = -16. What is the highest common factor of z and 80?
16
Let w be ((-45)/(-2))/3*-6. Let a be (w/6)/(3/(-4)). Let y be -2*(-1 - 0) + a. Calculate the greatest common factor of 108 and y.
12
Suppose 2*o - 3*z - 106 = 132, 2*o + 3*z - 262 = 0. What is the greatest common divisor of o and 25?
25
Suppose -5*o - 398 = -2*q, 0*o - 5*o = -10. Let r = q + -132. What is the highest common divisor of r and 9?
9
Let c(a) = 3*a + 3. Let u be c(-2). Let f = 0 - -3. Let i = f - u. Calculate the greatest common factor of i and 30.
6
Let c = -16 - -30. Let b = 6 + 8. Wh